d by 42.
40
Let y = 3261 - 2193. What is the remainder when y is divided by 63?
60
Let h(f) be the third derivative of -f**5/60 - f**4/12 + 22*f**3/3 + f**2 + 150. What is the remainder when 98 is divided by h(-6)?
18
Let b(s) = s**3 - 23*s**2 - 79*s + 30. Let u be -9*(-10)/(-15) + 32. Calculate the remainder when 21 is divided by b(u).
1
Suppose -h + 8 = u, 0 = u - 15*h + 20*h - 28. Calculate the remainder when 244 is divided by u.
1
Let z = 1860 - 2620. Let f = z - -775. Let b = 72 - 33. What is the remainder when b is divided by f?
9
Suppose 2*b - 2*w = 36, -14 = -b - 2*w - 5. Suppose b*r - 3568 = -r. Calculate the remainder when r is divided by 56.
55
Let a(i) = -i**2 + 21*i + 170. What is the remainder when 191 is divided by a(26)?
31
Suppose -88 = 8*s - 448. Suppose -10*v = -625 - s. Calculate the remainder when 466 is divided by v.
64
Let z(i) = 3*i + 2. Suppose 0 = 6*x + 3201 + 399. Calculate the remainder when x/(-18)*(-30)/(-8) is divided by z(10).
29
Let o(d) = -58*d - 322. Suppose 0 = a + 3*p, -20*a = -15*a + 4*p + 22. Calculate the remainder when 45 is divided by o(a).
19
Suppose 3*n = -65 + 74. Suppose 208 = -n*r + 16*r. Calculate the remainder when 106 is divided by r.
10
Suppose -2*q - 4*u + 7*u = -27, -2*q = 5*u + 13. Let g(m) = -17*m + 47 - 20 + q*m**2 - 4*m**2. What is the remainder when g(11) is divided by 21?
19
Let r = 469 - 468. Suppose 0*i - 160 = -5*i. What is the remainder when i is divided by 3 + r + (-712)/(-89)?
8
Suppose 5*d = 236 + 54. Suppose 2*o = -5*i + 31, 332*i + 2*o = 335*i - 41. Calculate the remainder when d is divided by i.
4
Suppose -2865 - 2439 = -68*o. Calculate the remainder when 268 is divided by o.
34
Let q(j) = -53*j**2 + 13*j + 23. Let b be q(-2). Let v = b - -236. Calculate the remainder when 78 is divided by v.
15
Suppose -2*y + 384 = 4*h, 5*y - 2*y = -2*h + 580. Calculate the remainder when y is divided by (61 + -60)/((-1368)/196 + 7).
47
What is the remainder when (-2 + -18)/((-2703)/530 + (4 - -1)) is divided by 6?
2
Let l(k) = k**3 - 4*k**2 + 4*k - 2. Let s be 264/(-32)*(0 + -12). Calculate the remainder when l(4) is divided by ((-6)/(-5))/(s/330).
2
Suppose 12 = -43*c + 45*c. Suppose -12*a = -c*a - 330. Calculate the remainder when 109 is divided by a.
54
Suppose 128 + 507 = 5*o. Suppose -5*s + 6*r + o = 3*r, -3*r - 81 = -3*s. Suppose -3*z + 53 = -61. Calculate the remainder when z is divided by s.
15
Let o(x) = -111*x**3 + 1 + 57*x**2 - 19*x**3 + 1 - 58*x**2. What is the remainder when o(-1) is divided by 33?
32
Calculate the remainder when 4/(-22) + (-23)/(-1518)*178806 is divided by 23.
18
What is the remainder when 221 is divided by (12/20)/((-3)/(-4)) - (-3654)/70?
9
Suppose s - 2 = 6*s - 4*n, -5*n = 5*s + 20. Let w be s + 6/(-9)*24. Let p(d) = -d**3 - 18*d**2 - 3*d - 40. Calculate the remainder when 68 is divided by p(w).
12
Suppose 3*a - 186 + 54 = 0. What is the remainder when a is divided by (-78)/(-1)*983/1966?
5
Let w = 22 - 15. Suppose -42*u + 742 + 2954 = 0. Suppose -12*s = -16*s + u. Calculate the remainder when s is divided by w.
1
What is the remainder when 220 is divided by (-52)/(-39)*(-9 - -18)?
4
Let a(z) = 3*z**3 - z**2 + 12*z - 18. Suppose 3*f - j = -3*j + 282, -3*j = 4*f - 375. Let h = f + -54. Calculate the remainder when a(4) is divided by h.
38
Suppose -t + 5*b = 148, b + 191 = -4*t - 338. Let u = t + 136. Let a = -9 + 14. Calculate the remainder when a is divided by u.
2
Let x be (-1)/(-1) + (-2)/1. Let w be (x/(10/8))/((-6)/15). Suppose 37 = w*m + 17. What is the remainder when 79 is divided by m?
9
Let n = 13533 + -13121. What is the remainder when 962 is divided by n?
138
Let k = 97 - 50. Let w = k + 12. Let r(t) = -2*t**2 - t + 132. Calculate the remainder when w is divided by r(-8).
11
Let w(o) = -9*o + 65 - o**3 + 24*o**2 + 24*o**2 - 33*o**2 + 0*o**3. What is the remainder when w(14) is divided by 59?
17
Suppose 370*n - 369*n - 271 = 0. Let r = n - 255. What is the remainder when 78 is divided by r?
14
Let m(k) = -k**2 + 6*k - 4. Let b be m(5). Let t be (-6 + 4 + b)*-4. Let r = 63 - t. What is the remainder when r is divided by 6?
5
Let i = 564 - 571. Let o(d) = 3*d**2 + 16*d + 40. Calculate the remainder when 143 is divided by o(i).
68
Suppose -8*w = 29*w - 148. Calculate the remainder when w is divided by (7 + (4 - 7))*(-2)/(-4).
0
Let n(g) = -g + 712. Calculate the remainder when n(-105) is divided by 14.
5
Let m be 5/(-18)*-1054 - (-2)/9. Suppose -m + 83 = -21*r. Calculate the remainder when 98 is divided by r.
8
Let c be 10 + (-12 - -6) + -1. Suppose s = 3*y - 608, -y + c*y = 4*s + 422. Calculate the remainder when y is divided by 34.
31
Let v(k) = -4*k - 42. Let l = -82 - -120. Calculate the remainder when l is divided by v(-13).
8
Let r(g) = g**2 + 5*g - 16. Let x be r(7). Suppose -10*h - 18 = -x. Suppose 15*i = -h*i + 720. Calculate the remainder when i is divided by 8.
4
Let h(j) = j**2 + 41*j - 286. What is the remainder when h(-68) is divided by 82?
74
What is the remainder when 381*((-451)/(-615) + (-2)/5) is divided by 3?
1
Let n(z) = 20*z + 89. Suppose -4*s + 0*s = -188. Suppose 3*d = 88 + s. Calculate the remainder when n(0) is divided by d.
44
Let x be 186/9*(-4 + (3 - -4)). Let f = x + -73. What is the remainder when 17 is divided by (-1456)/(-143) - (-2)/f?
7
Suppose 0 = 10*u - 6*u - 84. Let q(o) = -o**3 + 22*o**2 - 27*o + 1. Let s be q(u). What is the remainder when 5*(-20)/s*95/2 is divided by 10?
8
Let x(d) = 6*d**2 + 25*d + 31. What is the remainder when x(-9) is divided by 30?
22
Let u(h) = h**3 + 6*h**2 - 6*h + 23. Let y be u(-7). Suppose 2*o = y*o - 812. Calculate the remainder when o is divided by 28.
2
Let m(f) be the second derivative of f**4/3 + 46*f**3/3 - 49*f**2/2 + 2*f + 51. Calculate the remainder when 147 is divided by m(-24).
6
Let z be 1*(-2)/1 - -49. Suppose 16*y - 11*y + 90 = 0. Let w = y + z. What is the remainder when w is divided by 16?
13
Let b(z) = -z**3 + 17*z**2 - 9*z - 35. Let p(g) = -g**3 + 18*g**2 - 9*g - 34. Let f(n) = 4*b(n) - 3*p(n). What is the remainder when 71 is divided by f(13)?
1
Suppose 5*w + 28*h = 30*h + 58, 0 = 2*w + 3*h - 27. Let c(y) = -y**2 - 3. Let f be c(2). Calculate the remainder when w is divided by (f/1)/(-2 + 1).
5
Let u = 8262 + -8230. What is the remainder when 48 is divided by u?
16
Suppose -155*y + 126*y = -48546. What is the remainder when y is divided by 112?
106
Suppose -191*x + 192*x = s + 25, 4*x - s = 109. Calculate the remainder when 409 is divided by x.
17
Let n be (-13)/((-65)/(-342)) + (-2)/(-5). Let i(k) = 10*k - 62. Let p be i(23). Let l = p + n. Calculate the remainder when l is divided by 26.
22
Suppose -w = -27 + 5. Suppose 23*v - 103 = w*v. Calculate the remainder when v is divided by 57.
46
Let r(i) = 41*i - 55. Let w be ((-396)/(-15))/6*(-10)/(-4). What is the remainder when r(w) is divided by 57?
54
Let c = -5 - -5. Suppose -4*r + 81 = -c*u - 5*u, -2*r - 4*u + 8 = 0. Let l = -30 - -40. What is the remainder when r is divided by l?
4
Suppose -12*q + 22*q + 60 = 0. Let p = 92 + -52. Calculate the remainder when ((-33)/(-9))/11 + (-454)/q is divided by p.
36
Suppose -2*u = 51 - 55. What is the remainder when 206 is divided by (-14)/(-6) - u - 658/(-42)?
14
What is the remainder when (1448 - -68)*3/12 is divided by 133?
113
Let y = 3348 + -3301. What is the remainder when 1969 is divided by y?
42
Let u = 96 + -111. Calculate the remainder when 166 is divided by 2/u - 13/((-2145)/2332).
12
Let j(b) = 184*b**2 - 23*b + 27. What is the remainder when j(5) is divided by 5?
2
Let m be -2 + 105 + (-11 - -15). Let i = -11 + m. Calculate the remainder when i is divided by 11.
8
Suppose -x - 4 = 0, x + 20 = 3*w - 89. Calculate the remainder when 205 is divided by w.
30
Let t(g) = 36*g - 6. Let v be t(4). Suppose 2*u = -3*b + v, b = -0*b + 4*u + 60. Calculate the remainder when 190 is divided by b.
46
Suppose -24 = -386*d + 383*d. Calculate the remainder when 367 is divided by d/76 - (-7060)/76.
88
Suppose -3256*s + 69 = -3253*s. What is the remainder when s is divided by 2?
1
Suppose 4*y - 14 = -3*k, y = 4*k + 3*y - 12. Suppose k*i + 2*s - 10 - 10 = 0, -5*s + 5 = -4*i. What is the remainder when 5 is divided by i?
0
Let j be -1*(851 - -1)/(-4) - 3. Let b = j + -145. Calcu